s 2 a factor of 837?
False
Does 30 divide 810?
True
Is 4644 a multiple of 108?
True
Is 768 a multiple of 7?
False
Does 51 divide 1018?
False
Does 359 divide 113979?
False
Is 3190 a multiple of 9?
False
Does 44 divide 8096?
True
Is 34 a factor of 612?
True
Does 43 divide 28165?
True
Does 59 divide 68343?
False
Does 2 divide 3052?
True
Does 11 divide 2783?
True
Is 19 a factor of 235?
False
Is 52682 a multiple of 22?
False
Does 13 divide 7437?
False
Is 2044 a multiple of 7?
True
Is 17 a factor of 4598?
False
Does 57 divide 15274?
False
Is 83 a multiple of 5?
False
Is 43 a factor of 230?
False
Does 9 divide 51?
False
Is 39 a factor of 24739?
False
Is 2 a factor of 1878?
True
Is 18 a factor of 2254?
False
Is 936 a multiple of 5?
False
Is 51 a factor of 408?
True
Does 7 divide 21054?
False
Is 1559 a multiple of 31?
False
Does 27 divide 1350?
True
Is 477 a multiple of 53?
True
Is 99 a factor of 8071?
False
Is 13 a factor of 3562?
True
Is 16326 a multiple of 9?
True
Is 36 a factor of 19332?
True
Is 64 a factor of 524?
False
Does 49 divide 343?
True
Does 11 divide 471?
False
Is 814 a multiple of 49?
False
Is 2453 even?
False
Does 2 divide 112?
True
Is 84 a multiple of 21?
True
Does 79 divide 15149?
False
Does 39 divide 31830?
False
Does 17 divide 238?
True
Is 10 a factor of 24020?
True
Is 8 a factor of 3992?
True
Is 72 a factor of 14256?
True
Is 42 a factor of 4522?
False
Is 26513 a multiple of 119?
False
Does 27 divide 6987?
False
Is 35332 a multiple of 32?
False
Is 3124 a multiple of 92?
False
Is 8 a factor of 1664?
True
Is 74 a factor of 25530?
True
Is 12382 a multiple of 90?
False
Is 106 a factor of 3922?
True
Does 18 divide 4428?
True
Does 80 divide 21120?
True
Is 12034 a multiple of 22?
True
Is 195 a multiple of 14?
False
Does 83 divide 494?
False
Is 18 a factor of 126?
True
Is 1806 a multiple of 21?
True
Does 12 divide 1788?
True
Is 4100 a multiple of 50?
True
Does 10 divide 445?
False
Is 20 a factor of 253?
False
Is 1395 a multiple of 14?
False
Is 27 a factor of 189?
True
Does 22 divide 65890?
True
Does 26 divide 6717?
False
Is 8030 a multiple of 22?
True
Is 99 a factor of 5737?
False
Is 7 a factor of 294?
True
Is 7854 a multiple of 11?
True
Does 19 divide 29534?
False
Is 4258 a multiple of 76?
False
Is 39 a factor of 2201?
False
Is 16 a factor of 12460?
False
Is 448 a multiple of 16?
True
Does 11 divide 10120?
True
Is 843 a multiple of 5?
False
Is 31 a factor of 15618?
False
Is 2783 a multiple of 57?
False
Is 3693 a multiple of 90?
False
Does 125 divide 8125?
True
Does 116 divide 10850?
False
Is 19 a factor of 22037?
False
Is 18 a factor of 19135?
False
Is 35 a factor of 2124?
False
Does 5 divide 510?
True
Does 13 divide 20757?
False
Is 11 a factor of 1142?
False
Does 17 divide 26274?
False
Is 3 a factor of 324?
True
Does 6 divide 108?
True
Does 27 divide 10233?
True
Does 5 divide 1261?
False
Does 11 divide 2591?
False
Is 6 a factor of 120?
True
Is 15 a factor of 90?
True
Is 1848 a multiple of 84?
True
Is 10160 a multiple of 266?
False
Is 620 a multiple of 11?
False
Is 41076 a multiple of 63?
True
Does 15 divide 12421?
False
Does 50 divide 1854?
False
Does 4 divide 518?
False
Is 281 a factor of 4496?
True
Is 80101 a multiple of 42?
False
Is 90335 a multiple of 83?
False
Is 35 a factor of 2285?
False
Is 68 a factor of 15164?
True
Does 34 divide 136?
True
Is 4433 a multiple of 21?
False
Is 1252 a multiple of 40?
False
Is 55 a factor of 2310?
True
Is 604 a multiple of 76?
False
Is 12363 a multiple of 27?
False
Is 35 a factor of 9432?
False
Does 63 divide 75159?
True
Is 1278 a multiple of 76?
False
Is 48828 a multiple of 156?
True
Is 5520 a multiple of 12?
True
Is 26 a factor of 884?
True
Is 2263 a multiple of 73?
True
Is 363 a multiple of 244?
False
Is 32324 a multiple of 12?
False
Is 32706 a multiple of 15?
False
Is 4 a factor of 366?
False
Is 78 a factor of 10374?
True
Is 2088 a multiple of 58?
True
Is 1100 a multiple of 5?
True
Does 45 divide 360?
True
Is 562 a multiple of 21?
False
Is 18 a factor of 8163?
False
Does 61 divide 1067?
False
Is 4636 a multiple of 38?
True
Is 60 a multiple of 15?
True
Does 16 divide 9022?
False
Is 12 a factor of 11070?
False
Does 124 divide 6238?
False
Is 27 a factor of 783?
True
Does 32 divide 160?
True
Does 10 divide 5777?
False
Is 145 a factor of 38064?
False
Is 1004 a multiple of 20?
False
Is 5 a factor of 39101?
False
Is 114 a factor of 34542?
True
Does 15 divide 15?
True
Is 2361 a multiple of 27?
False
Is 1651 a multiple of 126?
False
Is 18 a factor of 576?
True
Is 7456 a multiple of 16?
True
Does 52 divide 4264?
True
Does 41 divide 1230?
True
Is 40 a factor of 999?
False
Does 7 divide 25505?
False
Is 13 a factor of 59488?
True
Is 357 a multiple of 18?
False
Is 98 a factor of 1274?
True
Does 43 divide 774?
True
Is 48320 a multiple of 14?
False
Is 1138 a multiple of 10?
False
Is 139 a factor of 133124?
False
Is 792 a multiple of 18?
True
Does 78 divide 234?
True
Is 2750 a multiple of 17?
False
Does 39 divide 6201?
True
Is 6867 a multiple of 63?
True
Is 40 a factor of 3800?
True
Is 2 a factor of 8?
True
Is 6953 a multiple of 51?
False
Is 60629 a multiple of 19?
True
Is 865 a multiple of 5?
True
Is 3 a factor of 2014?
False
Does 4 divide 11?
False
Is 8 a factor of 386?
False
Is 72 a multiple of 4?
True
Does 8 divide 2917?
False
Is 1515 a multiple of 6?
False
Is 33 a factor of 4615?
False
Is 4187 a multiple of 179?
False
Is 8325 a multiple of 22?
False
Is 61791 a multiple of 72?
False
Is 57 a factor of 41097?
True
Does 37 divide 17874?
False
Does 169 divide 42757?
True
Does 13 divide 31943?
False
Does 27 divide 3201?
False
Is 23 a factor of 4071?
True
Is 2804 a multiple of 89?
False
Is 606 a multiple of 2?
True
Is 42 a factor of 36909?
False
Is 70675 a multiple of 55?
True
Does 149 divide 8326?
False
Does 40 divide 3876?
False
Does 72 divide 1440?
True
Does 12 divide 5296?
False
Is 9 a factor of 774?
True
Is 88 a factor of 25355?
False
Is 4414 a multiple of 14?
False
Is 5 a factor of 122?
False
Does 11 divide 99047?
False
Does 115 divide 19189?
False
Does 14 divide 6449?
False
Is 457 a multiple of 3?
False
Does 155 divide 775?
True
Is 214 a factor of 11770?
True
Is 8 a factor of 6824?
True
Does 37 divide 259?
True
Is 54 a factor of 432?
True
Does 16 divide 284?
False
Is 28 a factor of 7706?
False
Is 12 a factor of 15368?
False
Does 17 divide 11602?
False
Does 86 divide 6788?
False
Is 780 a multiple of 15?
True
Is 17 a factor of 2046?
False
Does 16 divide 1899?
False
Is 3 a factor of 412?
False
Is 2 a factor of 1458?
True
Does 58 divide 11490?
False
Is 86 a factor of 1817?
False
Is 16704 a multiple of 16?
True
Is 500 a multiple of 25?
True
Is 3234 a multiple of 22?
True
Is 68 a multiple of 13?
False
Is 928 a multiple of 16?
True
Is 52 a factor of 2649?
False
Is 21411 a multiple of 13?
True
Is 16 a factor of 23?
False
Does 76 divide 56544?
True
Does 16 divide 6896?
True
Is 12 a factor of 3320?
False
Does 12 divide 4224?
True
Does 11 divide 4995?
False
Is 1769 a multiple of 29?
True
Is 710 a multiple of 10?
True
Does 85 divide 27285?
True
Is 96 a multiple of 8?
True
Is 714 a multiple of 17?
True
Is 3 a factor of 614?
False
Does 54 divide 3565?
False
Is 2100 a multiple of 10?
True
Is 6665 a multiple of 31?
True
Is 1988 a multiple of 7?
True
Is 34546 a multiple of 26?
False
Is 8 a factor of 16462?
False
Is 4 a factor of 4?
True
Does 10 divide 2580?
True
Is 3438 a multiple of 33?
False
Does 22 divide 550?
True
Is 5258 a multiple of 21?
False
Is 13 a factor of 243?
False
Is 50138 a multiple of 43?
True
Is 14 a factor of 23169?
False
Does 4 divide 22?
False
Is 5824 a multiple of 182?
True
Is 3432 a multiple of 13?
True
Is 14260 a multiple of 9?
False
Does 100 divide 15000?
True
Is 1321 even?
False
Is 64 a factor of 2215?
False
Is 1258 a multiple of 91?
False
Does 300 divide 8227?
False
Is 309 a factor of 81885?
True
Does 27 divide 343?
False
Does 34 divide 387?
False
Is 27636 a multiple of 196?
True
Does 3 divide 4424?
False
Is 105 a factor of 6930?
True
Is 2288 a multiple of 52?
True
Does 45 divide 2939?
False
Does 45 divide 2205?
True
Is 1508 a multiple of 13?
True
Is 16 a factor of 4167?
False
Is 28 a factor of 12460?
True
Is 22 a factor of 1166?
True
Is 348 a multiple of 3?
True
Is 9 a factor of 1881?
True
Is 4